{"id":48,"date":"2023-10-23T15:51:59","date_gmt":"2023-10-23T13:51:59","guid":{"rendered":"https:\/\/festivaldelaterreauxetoiles.fr\/?page_id=48"},"modified":"2026-01-11T10:13:54","modified_gmt":"2026-01-11T09:13:54","slug":"seances-au-planetarium","status":"publish","type":"page","link":"https:\/\/festivaldelaterreauxetoiles.fr\/?page_id=48","title":{"rendered":"Parcours &#038; visites"},"content":{"rendered":"\n<p>&#8211; Des <strong>parcours astronomiques dans la ville de Nantes<\/strong> seront propos\u00e9s par Olivier Sauzereau (Historien des Sciences) de l&rsquo;Association M\u00e9ridienne. Rendez-vous sur l&rsquo;esplanade basse de la M\u00e9diath\u00e8que Jacques Demy \u00e0 Nantes, 17 Quai de la Fosse, au niveau de l&rsquo;arr\u00eat M\u00e9diath\u00e8que de la ligne 1 de Tramway, aux dates suivantes : <strong>jeudi 15 janvier \u00e0 10h30<\/strong>, <strong>vendredi 16 janvier \u00e0 10h30<\/strong>, et <strong>samedi 17 janvier \u00e0 10h30<\/strong>.<br>Profitez d&rsquo;une balade au fil des rues de Nantes pour explorer l&rsquo;histoire de l&rsquo;astronomie et le patrimoine nantais li\u00e9 \u00e0 cette science.<\/p>\n\n\n\n<p class=\"has-accent-color has-text-color has-link-color wp-elements-d917259c89d5439a58b53674e051b79c\"><strong>Infos pratiques :<\/strong><br>\ud83c\udfaf RDV sur l&rsquo;esplanade basse de la M\u00e9diath\u00e8que Jacques Demy &#8211; 24 Quai de la Fosse, au niveau de l&rsquo;arr\u00eat M\u00e9diath\u00e8que de la ligne 1 de Tramway<br>\ud83d\udcc5 Jeudi 15, vendredi 16 et samedi 17 janvier \u00e0 10h30<br>\ud83d\udd50 Dur\u00e9e +\/- 1h30<br><span style=\"color:#1560BD\">\ud83c\udf9f\ufe0f<\/span> Entr\u00e9e libre &#8211; Gratuit<br>\ud83d\udc67 <span style=\"color:#1560BD\">Famille \/ Inaccessible aux personnes handicap\u00e9es moteurs<\/span><\/p>\n\n\n\n<figure class=\"wp-block-image size-full\"><img loading=\"lazy\" decoding=\"async\" width=\"802\" height=\"452\" src=\"https:\/\/festivaldelaterreauxetoiles.fr\/wp-content\/uploads\/2025\/10\/Image2.jpg\" alt=\"\" class=\"wp-image-1038\" srcset=\"https:\/\/festivaldelaterreauxetoiles.fr\/wp-content\/uploads\/2025\/10\/Image2.jpg 802w, https:\/\/festivaldelaterreauxetoiles.fr\/wp-content\/uploads\/2025\/10\/Image2-300x169.jpg 300w, https:\/\/festivaldelaterreauxetoiles.fr\/wp-content\/uploads\/2025\/10\/Image2-768x433.jpg 768w\" sizes=\"auto, (max-width: 802px) 100vw, 802px\" \/><\/figure>\n\n\n\n<hr class=\"wp-block-separator has-text-color has-black-color has-alpha-channel-opacity has-black-background-color has-background is-style-default\"\/>\n\n\n\n<p>&#8211; Olivier Sauzereau (Historien des Sciences) de l&rsquo;Association M\u00e9ridienne propose \u00e9galement des <strong>visites guid\u00e9es de l&rsquo;ancien Observatoire de la Marine<\/strong>, \u00e0 la nuit tomb\u00e9e.<\/p>\n\n\n\n<div class=\"wp-block-group\"><div class=\"wp-block-group__inner-container is-layout-constrained wp-block-group-is-layout-constrained\"><div class=\"wp-block-image\">\n<figure class=\"alignright size-full is-resized\"><img loading=\"lazy\" decoding=\"async\" width=\"600\" height=\"739\" src=\"https:\/\/festivaldelaterreauxetoiles.fr\/wp-content\/uploads\/2023\/12\/Illustration-de-Serge-Cecarelli_600px.jpg\" alt=\"\" class=\"wp-image-518\" style=\"width:215px;height:auto\" srcset=\"https:\/\/festivaldelaterreauxetoiles.fr\/wp-content\/uploads\/2023\/12\/Illustration-de-Serge-Cecarelli_600px.jpg 600w, https:\/\/festivaldelaterreauxetoiles.fr\/wp-content\/uploads\/2023\/12\/Illustration-de-Serge-Cecarelli_600px-244x300.jpg 244w\" sizes=\"auto, (max-width: 600px) 100vw, 600px\" \/><figcaption class=\"wp-element-caption\"><em>Illustration de Serge Cecarelli<\/em><\/figcaption><\/figure>\n<\/div>\n\n\n<p class=\"has-black-color has-text-color has-link-color wp-elements-b31b7f6108b595e00b2c95026ddd20ab\">\u00c9quipez-vous d&rsquo;une lampe torche pour une escapade nocturne au d\u00e9part de l&rsquo;\u00e9cole ISEG au 18 rue Flandres-Dunkerque, \u00e0 <strong>17h<\/strong> aux dates suivantes : <strong>jeudi 15 janvier<\/strong>, <strong>vendredi 16 janvier<\/strong> et <strong>samedi 17 janvier<\/strong>.<\/p>\n\n\n\n<p class=\"has-accent-color has-text-color has-link-color wp-elements-fc8f3e326651d72b64d26ebcbaf239e7\"><br><span style=\"color:#1560BD\"> <\/span><br><\/p>\n\n\n\n<p><\/p>\n<\/div><\/div>\n\n\n\n<p class=\"has-accent-color has-text-color has-link-color wp-elements-6353752c0e0dc1c456f73865cdf8c388\"><strong>Infos pratiques :<\/strong><br>\ud83c\udfaf Ecole ISEG &#8211; 18 rue Flandres-Dunkerque \u00e0 Nantes<br>\ud83d\udcc5 Jeudi 15, vendredi 16 et samedi 17 janvier \u00e0 17h<br><span style=\"color:#1560BD\">\ud83c\udf9f\ufe0f<\/span> Complet<br>\ud83d\udc67 <span style=\"color:#1560BD\">Famille \/ Inaccessible aux personnes handicap\u00e9es moteurs<\/span><\/p>\n\n\n\n<hr class=\"wp-block-separator has-text-color has-black-color has-alpha-channel-opacity has-black-background-color has-background is-style-default\"\/>\n\n\n\n<p>&#8211; Un <strong>parcours astronomique num\u00e9rique<\/strong> est accessible sur <a href=\"https:\/\/patrimonia.nantes.fr\/home\/actualites\/dossier--astronomie-a-nantes.html\">Nantes Patrimonia<\/a> : rues aux noms d&rsquo;astronomes, objets patrimoniaux et lieux de sciences jalonneront votre balade virtuelle ou r\u00e9elle. D&rsquo;autres contenus sur l&rsquo;astronomie \u00e0 travers l&rsquo;histoire de Nantes sont \u00e9galement \u00e0 d\u00e9couvrir sur le site internet. Pour cette 2e \u00e9dition du festival, de nouveaux articles \u00e9voquant des ph\u00e9nom\u00e8nes astronomiques observ\u00e9s \u00e0 Nantes au cours de son histoire seront publi\u00e9s. Ce parcours a \u00e9t\u00e9 r\u00e9alis\u00e9 par l&rsquo;Association M\u00e9ridienne et la Direction du patrimoine et de l&rsquo;arch\u00e9ologie de la Ville de Nantes et Nantes M\u00e9tropole.<\/p>\n\n\n\n<p><span style=\"color:#1560BD\"><strong>Lien<\/strong> : <a href=\"https:\/\/patrimonia.nantes.fr\/home\/decouvrir\/les-parcours-du-patrimoine\/parcours-astronomique.html\">Nantes Patrimonia <\/a><\/span><\/p>\n\n\n\n<p><\/p>\n","protected":false},"excerpt":{"rendered":"<p>&#8211; Des parcours astronomiques dans la ville de Nantes seront propos\u00e9s par Olivier Sauzereau (Historien des Sciences) de l&rsquo;Association M\u00e9ridienne. Rendez-vous sur l&rsquo;esplanade basse de la M\u00e9diath\u00e8que Jacques Demy \u00e0 Nantes, 17 Quai de la Fosse, au niveau de l&rsquo;arr\u00eat M\u00e9diath\u00e8que de la ligne 1 de Tramway, aux dates suivantes : jeudi 15 janvier \u00e0 [&hellip;]<\/p>\n","protected":false},"author":1,"featured_media":0,"parent":0,"menu_order":0,"comment_status":"closed","ping_status":"closed","template":"","meta":{"footnotes":""},"class_list":["post-48","page","type-page","status-publish","hentry"],"_links":{"self":[{"href":"https:\/\/festivaldelaterreauxetoiles.fr\/index.php?rest_route=\/wp\/v2\/pages\/48","targetHints":{"allow":["GET"]}}],"collection":[{"href":"https:\/\/festivaldelaterreauxetoiles.fr\/index.php?rest_route=\/wp\/v2\/pages"}],"about":[{"href":"https:\/\/festivaldelaterreauxetoiles.fr\/index.php?rest_route=\/wp\/v2\/types\/page"}],"author":[{"embeddable":true,"href":"https:\/\/festivaldelaterreauxetoiles.fr\/index.php?rest_route=\/wp\/v2\/users\/1"}],"replies":[{"embeddable":true,"href":"https:\/\/festivaldelaterreauxetoiles.fr\/index.php?rest_route=%2Fwp%2Fv2%2Fcomments&post=48"}],"version-history":[{"count":46,"href":"https:\/\/festivaldelaterreauxetoiles.fr\/index.php?rest_route=\/wp\/v2\/pages\/48\/revisions"}],"predecessor-version":[{"id":1616,"href":"https:\/\/festivaldelaterreauxetoiles.fr\/index.php?rest_route=\/wp\/v2\/pages\/48\/revisions\/1616"}],"wp:attachment":[{"href":"https:\/\/festivaldelaterreauxetoiles.fr\/index.php?rest_route=%2Fwp%2Fv2%2Fmedia&parent=48"}],"curies":[{"name":"wp","href":"https:\/\/api.w.org\/{rel}","templated":true}]}}